+ (-6 - -6) - 32)?
21
Calculate -18 - -39 - (15 + (-6 - -121)).
-109
-23 - -1 - (-1459 + 1453) - (0 + (3 - 1))
-18
What is the value of -98 + 220 + -32 - 140?
-50
What is the value of -50 - (22 - 60) - (103 - 0)?
-115
Calculate (17 - 27) + -1 - -22.
11
Calculate (4 - -24) + -116 + -1 + 96.
7
Evaluate 31 + 2 + (20 - (20 + 37) - -48).
44
What is 6 - (-18 + (-4 - (-14 - -26)) + 12)?
28
What is -3 + 2 - (0 - (-10 + 30 + 15))?
34
What is (10 - (-3 + (-13 - -12) - -9)) + -33?
-28
What is the value of -68 + (73 - 19) + -8?
-22
Calculate -31 - (-11 + 15 + -3 + (3 + -6 - 5)).
-24
What is -2 - (-11 - (-15 + 6) - (3 + -1 - 74))?
-72
Calculate 1 + 79 - (17958 - 17828).
-50
What is the value of 349 + -322 - (53 + 0)?
-26
What is the value of (24 - 2) + (8 - (-21 - -35) - (-15 - 0))?
31
-37 - (87 - (100 + -58))
-82
(33 - (-8 - -39)) + 9 + 0
11
(-80 - (-1 - 69)) + 1 + 34
25
Evaluate (11 - (-6 - -5)) + -4 + 7.
15
-16479 - -16485 - (1 + -1 + (1 - 11))
16
What is ((5 - 21) + 8 - -3) + 49 + -51?
-7
Evaluate (-15 - -11) + -2 + -30 + 5.
-31
Evaluate -1 + -12 - (-4 + (38 - (-10 + 22))).
-35
What is the value of 12 + (19 - 6) + -24?
1
What is 17 - ((20 - -54) + (5 - 1) - 20)?
-41
What is the value of 9 + 2 - (-178 - -183)?
6
Calculate 78 + -8 + 1 + -18 + (77 - 37).
93
What is the value of -17 + (121 - 82) + -80?
-58
What is 53 + 5 - 3 - (97 + -91)?
49
What is the value of 51 + (-73 - -6 - 73)?
-89
What is the value of 88 + (45 - 5) + -94?
34
Calculate 12 + (-4 - -3 - -2) - (1144 + -1087).
-44
Evaluate -36 - -6 - (48 + 10 + -47).
-41
(-163 - -150 - (2 - -8)) + 18
-5
Evaluate (-5 - -3) + -15 - (257 - 261).
-13
Calculate (-1 + 29 - (471 - 516)) + (-7 - -4) + 9.
79
What is 50 - (31 + 10 - 1)?
10
Evaluate -2 + -6 + 4 + (-116 - (44 - 31)).
-133
Calculate -58 + 114 + -63 + 0 + 68.
61
What is -19 + (-78 + 108 - 14)?
-3
Calculate 10 + -9 + (-6 + 17 - 9) + 5 + 71.
79
Evaluate 6 - (-12 - (-11 + 11 + -8) - -52).
-42
What is (4 + -5 + 11 - -1) + (829 - 824)?
16
9 + (85 + -11 - 6 - (-6 + 12 - 6))
77
What is -630 + 606 - (-9 + 92)?
-107
-34 - (-23 + 1 + 144 + -140) - -100
84
What is the value of 38 - (-11 - (-19 + 5 + 8))?
43
Evaluate (-2 + -5 + 13 - (-61 - -56)) + (1 - -80).
92
Evaluate 8 + 0 + (109 - 109) + 2.
10
76 + (-14 - (-26 - 8) - (24 - -4))
68
(0 - 4) + -109 + 15 + (-15 - 33) + 8
-138
Calculate -37 + (32 - -56) + -124 - -13.
-60
Calculate -25 + 3 + -2 - (-126 - (-103 + -36)).
-37
Calculate 2 - (-2 + (6 - -8)) - (17 + 17 + -21).
-23
19 + (32 - -3 - 19 - -6)
41
Evaluate 19 - (-48 + (19 - -11)).
37
Evaluate -149 + -30 + 144 + (0 - -16).
-19
Calculate -69 + 27 + 29 - (-1 - 4 - 1).
-7
Calculate 24 - ((-16 + 17 - (4 + 18)) + 9).
36
Evaluate -8 - ((1 - (1 + 12)) + (1706 - 1712)).
10
What is the value of -2 - -42 - (-6 - (-13 - 2 - (-5 + -8)))?
44
Calculate -25 + (-5 - -73) + 12.
55
-77 - (-78 - -100 - 136)
37
What is the value of 29 - (14 - -17 - -3)?
-5
(-6 - (104 - 79)) + 67
36
What is the value of (-20 - (7 - 3)) + -38 + 43?
-19
154 + -134 + 81 + -47
54
Evaluate (6 - 1) + (9 - (-4 - 21) - -35).
74
(903 - 859) + (2 - 33) + (1 + -3 - -72)
83
Calculate -9 + -9 + 20 - 23.
-21
What is the value of -11 + -4 + -119 + 36 + 17 + 1?
-80
Evaluate 0 + (-245 + 248 - (10 - (1 - -1))) - -5.
0
What is 77 + 0 - (132 + -172 + (38 - (5 + -2)))?
82
What is -8 + 68 - 55 - -23?
28
Calculate -40 - (-2 + -71 - 5).
38
Calculate 15060 + -14947 - (0 + 46).
67
Calculate (-20 + -2 - -32) + (-238 - -122).
-106
(4 + 1 - (50 - 49)) + -10
-6
Evaluate 8 - (74 - 71 - (0 + -6)) - 27.
-28
Evaluate (-77 - -96) + -2 - -24.
41
136 + -52 - (3 - -4 - (-29 + 54))
102
What is -62 + (13 - (23 - 14 - -9) - (5 - 15))?
-57
What is the value of (0 - -3 - -32) + -7274 + 7316?
77
43 - (-20 - -31) - ((-6 - -1) + -6)
43
292 + 104 + -162 - 130
104
What is the value of -138 + (-20 - (-69 - 37))?
-52
What is the value of (8 - (-113 + 11)) + (2 - (3 + 6)) + -9?
94
What is the value of 74 - 75 - -80 - 82?
-3
What is (-6 - 5 - (22 - 27)) + 14?
8
What is -943 + 942 - (0 + 50 + -3)?
-48
What is the value of (6 - 4 - ((6 - -3 - 4) + 0)) + 8?
5
What is 3 + (-7 + 0 + (241 - 202) - 13)?
22
Evaluate -4 + 47 - (364 - 369).
48
Calculate 14 + (-14 + 23 - (-3 - -33)).
-7
Calculate 105 + -109 + 12 + -91.
-83
(-286 - -319) + (-58 - 3)
-28
What is the value of 1 + -2 + -2 - (0 + 10 + (102 - 121))?
6
What is the value of -2 + 1 + -27 + 538 + -556?
-46
1 - 7 - (-77 - -31) - 167
-127
What is the value of 986 + -964 + (-52 - (1 - 3))?
-28
Calculate (-38 - (-63 + 18) - (-81 + 1 + 1)) + 9.
95
What is 1 + -5 - (34 - 97)?
59
Evaluate (-71 - (-18 - -1)) + (-258 - -284).
-28
Calculate -74 - (38 + -133) - -27.
48
Calculate -23 - (-33 + -12) - 28.
-6
What is 31 + (-80 - (103 - 217))?
65
What is 33 + (0 - (-1 + 0)) + (36 - (75 + -38))?
33
What is the value of -220 + 278 - (-11 + 33)?
36
-75 - (-14 - (82 + 48))
69
Calculate (305 - 329 - (-25 - 0)) + -11.
-10
What is the value of -1 - 44 - (-364 - -360)?
-41
What is 30 - (59 + -30 + -33 - 34)?
68
What is 17 + -76 - 40 - -162?
63
Calculate 49 + -10 + (14 + 0 - 8).
45
What is the value of -5 + -33 - -14 - (17 - (18 + -10))?
-33
-74 + -23 + 3 + (6 - (8 - -1))
-97
Calculate -6 - (62 + 52 + -98).
-22
What is 6 - (-15 - 10 - (7 - 24) - 7)?
21
Calculate (-1 - -45) + 1 - ((17 - -2) + (730 - 741)).
37
Calculate -87 + 78 - (5 - 11) - (-38 + -2).
37
Evaluate (-15 - (-19 - -10)) + (-6 - -1) + 91 + -5.
75
What is -6 + (-32 - (8 + 24 + -6))?
-64
Calculate -100 - ((-65 - 27) + 58).
-66
-10 + -3 + 1 - ((2 + 22 - -16) + -11)
-41
Calculate (-15 - -25) + -7 + -28 - -16.
-9
154 + (-162 - -35) - -98
125
70 - (-18 - -38) - 87
-37
What is the value of 3 + -3 + -17 + -10 + 5?
-22
What is the value of -1 + 4 + -11 + (55 + -63 - -2)?
-14
Calculate -10 - (-43 + 28) - -6 - -29.
40
-79 - -41 - (4 + -27)
-15
What is -1349 - -1363 - (-2 + -28)?
44
131 - (75 + 37 + -31)
50
Evaluate -43 - -82 - 37 - (3 - -80).
-81
Evaluate (-17 - -6) + 105 + (-21 - 2) + 13.
84
What is (1 - (-97 - (-5 - 0))) + (19 - (11 - 4))?
105
What is the value of -101 + 86 + (2 - (7 - (5 + -5)))?
-20
What is -76 + (131 + -146 + 34 - (-1 + 38))?
-94
15 + -29 - (65 - 86)
7
Evaluate (10 - (5 - 13 - -75)) + -13 - 9.
-79
Evaluate -1 + 0 + (2 + 3 - (-336 + 340)).
0
What is 11 + (-3 + 21 + -12 + -13 - 3)?
1
Calculate 29 + 3 + -20 - (2 - (0 - -7) - -90).
-73
14 + -28 - ((8 - (-1 - -7)) + 8)
-24
Evaluate 15 + (47 - -109) + -72.
99
Evaluate 29 + -23 + (-7 - (-1 + 3)) - (-11 - -1).
7
What is 0 + -16 + (-15 - (-25 + 43))?
-49
What is the value of (47 + -37 - (3 + -8 + 12)) + -30?
-27
Calculate -14 + 20 + -37 - -14 - 5.
-22
What is the value of -21 + (-1 - (5 + -11)) + (-231 - -403)?
156
Evaluate (5 + -44 + 21 - -23) + -29.
-24
What is -5 - -54 - 100 - -120?
69
Calculate -26 + (-40 - -71) - (-20 - 14).
39
What is the value of -3 + -13 + -2 + 35 + -11?
6
4 + -3 + -4 + -2 + (591 - 619)
-33
What is the value of 153 - 128 - (-37 - -2) - (-3 + -5 - -3)?
65
Calculate -6 + 28 + 0 + -100.
-78
Evaluate (6 - (-3 - -1)) + -119 + 68.
-43
What is the value of 9 - (-101 + 48 + 1 + -2)?
63
14 + (-11 + -60 - -8) + (-19 + 13 - -13)
-42
What is (-2 - -3) + (34 - 90 - -51) + (0 - -22)?
18
4 + (3 - 3 - 3 - (84 + -75))
-8
57 + 34 + (10 - (29 - -14)) + (1 - -3)
62
Evaluate -74 + (-87 + 8 - -152).
-1
What is -43 + (-108 - -71) + 131?
51
Evaluate (-6 - 1) + (-1 - (68 - 87 - (1 - -95))).
107
What is 7 + (-5 - -3 - (-1 - -3)) + 3?
6
Calculate 0 + 15 - (354 + -361 + 13 + -3).
12
Evaluate (-15 - ((24 - 48) + 22)) + 30.
17
Calculate -19 + (12 + -31 + 55 - -17).
34
What is the value of -60 + 56 + (7 - 3 - (87 - (3 + 12)))?
-72
Calculate (-1 + 4 + 1 - (10 + (75 - 74))) + 56.
49
Calculate ((-103 - -71) + 12 - (2 + -1)) + -7.
-28
What is the value of -96 - (-123 + 217 - 216)?
26
What is 1 - (-1 + 20) - -5 - (8 + -9 - -46)?
-58
Calculate 0 - (12 + -7 - (-15 + 22)).
2
What is the value of 28 - (-17 + (16 - -2 - -8))?
19
What is (-6 - (-4 + 2)) + 113 + -140 + -103?
-134
What is the value of -14 + -1 + (-4 - (-19 + (2 - -14)))?
-16
What is the value of 0 + (-20 - -28) + (-12 - 3 - (-9 + 3))?
-1
What is the value of -12 + (5 + 40 - (-6 + -10))?
49
What is the value of 53 + (-53 - -32) - 53?
-21
-33 + 2 + 31 + 15 + (38 - 78)
-25
What is the value of 3058 - 3144 - (5 + 2 + -5)?
-88
What is 46 + (0 + -5 - -4) + -15 + -21 